(n) - 8*u(n). What is w(10)?
-28
Let q be 8/(-56) + 2/21*159. Let j(o) = -o**3 + 14*o**2 + 13*o + 27. Let n be j(q). Let g(x) = -5*x + 3. Determine g(n).
18
Let r(f) = 2*f**2 + 26*f + 14. Let y = -4848 + 4836. Calculate r(y).
-10
Let d(l) be the first derivative of -5*l**2 - 17*l - 634. Calculate d(-3).
13
Suppose -29*p + 132 - 16 = 0. Let k(b) = -p - 27*b + 13*b + 13*b. Determine k(-5).
1
Let i(c) = 8 + 8*c - 12*c**2 - 7 - 9*c**3 + 10*c**3 - 7*c - 28*c. What is i(14)?
15
Suppose 0 = -2*g - 2*g + 5*b + 23, g = -4*b - 10. Let i(l) = 0*l**2 + l - 4 - 8 + 16 + l**g. Give i(0).
4
Let a(h) = h**3 - 32*h**2 - 9*h + 293. Let u(y) = y**2 - 350*y - 2104. Let b be u(-6). Calculate a(b).
5
Let u be (-2736)/(-1520) - ((-4)/10)/2. Let c(r) = 8*r**u + r**3 + r - 3*r + 14*r - 10 - 4*r**2 + 5*r**2. Give c(-7).
4
Let k(d) = 3*d**3 + 65*d**2 + 5*d + 16. Let i(z) = 2*z**3 + 46*z**2 + 3*z + 11. Let m(a) = 7*i(a) - 5*k(a). Give m(-2).
1
Let x(d) = -27*d**3 - 38*d**2 + 47*d + 120. Let h(c) = 10*c**3 + 13*c**2 - 16*c - 42. Let u(q) = 8*h(q) + 3*x(q). Calculate u(-11).
2
Suppose 2*v - b - 4 = 0, 0 = -11*v + 14*v + 4*b - 17. Let f(q) = 10*q**3 + 2*q - v*q**2 - 7*q**3 + q**3 - 1 - 5*q**3. Calculate f(-4).
7
Let l(b) be the second derivative of 3*b + 1/6*b**4 - 1/20*b**5 - 1/2*b**2 + 0 + 3/2*b**3. Determine l(4).
3
Let q(s) = 29*s + 2*s**3 - 28*s - 3*s**3 - 9*s**2 + 15. Let r be q(-9). Let y(x) = -2 + 4*x + 7*x - 6*x + r. What is y(-3)?
-11
Let k(c) = -c**2 - 20*c - 70. Let r = 723 + -728. Determine k(r).
5
Let v(w) = -29*w**3 - 59. Let t(g) = 24*g**3 + g + 50. Let j(o) = 6*t(o) + 5*v(o). Calculate j(-4).
45
Let n(g) = -18*g + 70. Let d be n(4). Suppose q - k - 1 = 0, -5*k + 24 = 4*q + 2. Let a(r) = 0*r**3 + r**q - 2*r**2 - 19 + 2*r + 3*r**2 + 22. Give a(d).
-5
Let m be (-64 - -50)/(4/(-2)). Suppose -n + 2*q = -m, -3*n - 6*q = -36 + 3. Let y(f) = -7 - f - 9 + 2*f. Give y(n).
-7
Let j(o) be the first derivative of 0*o - 66 - 1/2*o**2. Determine j(-6).
6
Let p = -6 - -18. Let d(r) = r**2 - 10*r - 23. Let k be d(p). Let y(a) = -11*a - 2 + 1 + 9*a - k. Determine y(2).
-6
Let w(d) = -d**2 + d - 1. Suppose 7*a + 4 = 9*a. Let k(z) = z + 1. Let v(f) = a*k(f) + w(f). Suppose -5*p + 10*p + 3*r = -25, -5*p + 4*r + 10 = 0. Give v(p).
-9
Let m = -12304 + 12303. Let k(t) = -3*t**3 + 3*t**2 - t - 1. Determine k(m).
6
Let f(r) = 4*r**2 + 2*r + 5. Suppose -7*z + 6*z - 7 = -4*b, -2*z = b - 13. Determine f(b).
47
Let o(a) = a**3 + 5*a**2 + 2*a - 3. Suppose -69 = -6*g - 45. Suppose -q - 4*d + 5 = -d, 3*q + 24 = g*d. Calculate o(q).
5
Let t(m) = m**3 + 31*m**2 - 40*m - 53. Let k be t(-32). Let p(s) = s**2 + k + 65*s - 202 - 63*s. Suppose z + 3*z + 3*o + 25 = 0, o + 3 = 0. Calculate p(z).
9
Suppose 10*m = 5*m - 2*x - 29, 5*x = -13*m - 74. Let b(p) = 3*p**2 - 11*p - 7. Calculate b(m).
53
Suppose 3*g - o - 5 = 0, 4 + 0 = 4*o. Let c = g + -12. Let a(l) = l**3 + 11*l**2 + 10*l - 1. What is a(c)?
-1
Let t(b) = 662 - 9*b - 9*b - 11*b - b - 485 + b**2. Determine t(20).
-23
Let r(g) = -12*g**3 - 96*g + 75*g**3 - 113*g - 2*g**2 + 211*g. Give r(1).
63
Let a(o) = -6*o**2 + 24*o + 272. Let q be a(9). Let c(h) = -2*h**3 + 2*h**2 - 2*h + 7. Determine c(q).
-5
Let g(c) = c**3 + 6*c**2 + c + 18. Let b be 1 + -3 - ((-6)/4)/(51/(-136)). What is g(b)?
12
Let x = -16 - -18. Suppose -x*w = 3*w. Let l(f) = f**3 + 13*f**2 - 6*f + 16. Let j(n) = -n**3 - 15*n**2 + 7*n - 18. Let t(b) = -6*j(b) - 7*l(b). Give t(w).
-4
Suppose 152*t = 150*t + w + 27, 4*t + 36 = -4*w. Let h(q) = -q + 1. Let c be h(-3). Let z(d) = d**2 + c + 0*d**2 - 3*d - 3*d. Determine z(t).
4
Let q = 409 - 401. Let n(s) = q*s - 56 + s**2 + 34 + 0*s**2 + 29. What is n(-6)?
-5
Suppose 0 = -4*d, 4*g = 5*d + 22 + 6. Let t(z) = -1 - 14*z + 4*z - 2*z**2 + 6*z + g*z - z**3. Calculate t(-3).
-1
Let y be 248/10*-3 + (-4)/(-10). Let c = -69 - y. Let u(q) = -q**2 - 2*q - 2. Let v(z) = 3*z**2 + 5*z + 5. Let f(o) = -17*u(o) - 6*v(o). Give f(c).
-1
Suppose 3*i = -5*n + 11, -4*n - 4 = -8. Let d(o) = -26*o**2 - 6*o + i + 27*o**2 - 6. Determine d(7).
3
Let b(u) = -85*u + u**2 - 91*u - 1 + 277*u - 114*u. Give b(13).
-1
Let q(u) = u**2 + 2*u - 6. Let w be q(3). Let n be (-5 + 2)/(w/(-12)). Let k(c) = -2*c + c + n + c**2 + 9*c**3 - 3 - 27*c**3. Calculate k(1).
-17
Let p(c) be the second derivative of c**7/840 - c**6/60 - c**5/20 + 3*c**4/8 - c**3 + c**2/2 + 63*c. Let b(z) be the second derivative of p(z). Determine b(6).
-27
Let u(i) = -41*i + 17. Let d(s) = 103*s - 35. Let b(z) = 2*d(z) + 5*u(z). Determine b(-8).
7
Let i(s) be the first derivative of 3*s**2/2 - 3*s - 1. Let q be ((-3150)/(-245))/(-1*(-1)/14). Let j = q + -178. Give i(j).
3
Let r(n) = -4*n**2 - 9*n - 4. Let a(s) = s + 1. Let v(j) = 5*a(j) + r(j). Let i(h) = -h**3 - 27*h**2 + 4*h + 105. Let q be i(-27). Calculate v(q).
-23
Let g(o) = -9*o**3 + 7*o**2 - 10*o + 34. Let c(z) = z**3 + z - 2. Let q(k) = -10*c(k) - g(k). Give q(-7).
-14
Let v(g) = 2*g**3 - 2*g**2 - 3*g + 4. Suppose -8*m - 8 = -32. Let d(n) = 5*n**3 - 5*n**3 + 2*n**3 + 2 - n**2 - 3*n + 1. Let s(l) = m*d(l) - 2*v(l). Give s(2).
15
Let c(g) = 4*g. Let m(i) = 3*i. Let v(o) = -3*c(o) + 2*m(o). Suppose -w + 5*r + 13 = 7*r, -w = 5*r - 22. Let x be -12*w/(-56)*-2. Give v(x).
18
Suppose -7*c + 838 = 271. Let p be ((-2)/(-6))/((-3)/c*-3). Let g(u) = -15 - p + 9 + u. Determine g(0).
-9
Let z(f) = 8*f**3 + 24*f**2 + 13*f - 6. Let u(o) = 16*o**3 + 44*o**2 + 24*o - 11. Let g(d) = 6*u(d) - 11*z(d). Calculate g(-1).
-9
Let v(a) = -9*a**2 + a - 1. Let m(f) = -5*f**2 + 5*f - 49. Let y(c) = -14*c**2 + 15*c - 147. Let h(g) = -17*m(g) + 6*y(g). Let i be h(-10). What is v(i)?
-9
Let j(t) be the second derivative of t**5/20 - 2*t**3/3 + 5*t**2/2 + 15*t - 1. Suppose -2*m = 2*l - 8 + 2, 3*l - 5 = -m. Calculate j(m).
5
Let t(p) = p**2 + 5*p - 7. Suppose -7*o = -3*o - 40. Suppose o = -31*g + 29*g. Let c = g + -2. Give t(c).
7
Let t(f) be the first derivative of 1/12*f**4 - 19 + 3*f**2 + 2/3*f**3 - 8*f. Let m(r) be the first derivative of t(r). Give m(-4).
6
Suppose -2*z + 4*p + 308 = -6*z, -294 = 4*z - 3*p. Let s = -68 - z. Suppose 4*v = 3*q - s, -3*q - 5*v = 2*q. Let a(i) = 7*i**3 + i**2 + i - 1. What is a(q)?
8
Let k(n) be the first derivative of n**3/3 + 3*n**2 - 2*n + 2081. Let f be 1/1 + -10 + 3. Give k(f).
-2
Let p(h) = 12*h + 46. Let l(s) = -28*s - 113. Let i(o) = -5*l(o) - 12*p(o). Give i(-7).
41
Let t(f) = -f**3 + 6*f**2 + 8*f - 1. Let o = 28 + -23. Let a(d) = -2*d + 9. Let r be a(o). Let x(m) = 8*m**2 - 1. Let i be x(r). What is t(i)?
6
Let g be 10*1/(-8)*4*-9. Let s = g + -27. Let m(w) = w**2 + 4 + s*w + 29*w - 54*w. What is m(7)?
4
Let h = -5 - -3. Let r(f) be the second derivative of -f**5/10 + f**4/6 + 4126*f. Determine r(h).
24
Suppose -727 = -12*a - 799. Let c(v) = v**3 + 5*v**2 - v + 10. Give c(a).
-20
Let v(t) be the second derivative of -t**5/20 - 2*t**4 - t**3/3 - 27*t**2 - 963*t. Let f(o) = -24*o**2 - o - 1. Let s be f(-1). Give v(s).
-6
Let k(t) = 1 + 61*t + 67*t + 61*t + 6 - 190*t. What is k(-26)?
33
Suppose 43*g - 54 = 19*g + 6*g. Let z(m) be the third derivative of 0*m - 26*m**2 - 1/12*m**5 - 1/120*m**6 - 5/24*m**4 - 2/3*m**g + 0. What is z(-5)?
21
Suppose -3 = -3*t + 3. Suppose -2*p - t*s - 30 = -7*p, 0 = -5*s - 25. Let i(a) be the third derivative of a**5/60 - a**4/6 - 418*a**2. What is i(p)?
0
Let v(f) = -4*f**3 + 2*f**2 - 1. Let a be (-1 - (0 + 0))*3. Let t(k) = -k**3 - k**2 + k - 4. Let y be t(0). Let s be 4/6*((y - a) + 4). Determine v(s).
-25
Suppose -2*g + 58 = w, -2*w + 5*w - 4*g - 184 = 0. Suppose 139 = -w*i - 101. Let k(b) = 1 + 4*b + 1 + 3. Determine k(i).
-11
Let z be ((1 + 3 + -23)*5)/(-1). Let l = z + -93. Let t(f) = -3*f**2 + f - 1. Give t(l).
-11
Let b(d) = -d**2 - d - 1. Suppose -4*s = -37*z + 33*z + 8, -4*z = s - 3. Calculate b(s).
-1
Let z(b) = 3*b**3 + 3*b**2 - 2*b + 8. Let a(m) = -m**3 - 2*m**2 + m - 4. Let r(o) = a(o) + z(o). Give r(-2).
-6
Let x(t) be the third derivative of -t**5/60 - t**4/24 + 5*t**3/6 + t**2 + 983. Determine x(-4).
-7
Let w be ((-24)/15)/((-556)/695). Let t(m) = 32*m - 24. What is t(w)?
40
Let v = 37676 - 37663. Let m(t) = 4*t - 30. Determine m(v).
22
Suppose 2*v + 379 = -b, -2*b - v = -3*b - 364. Let u = -376 - b. Let g(a) be the first derivative of -a**4/4 - 7*a**3/3 - a**2/2 - a + 2. Give g(u).
